4) + 45. What is the highest common factor of y and 1824?
6
Suppose 0 = -1740*y + 1743*y - 2805. Calculate the highest common factor of y and 55.
55
Let x = 21533 - 21421. What is the greatest common factor of 1764 and x?
28
Suppose 2*t + 5782 = 3*i, -5*i + 15412 = 3*i - 2*t. What is the greatest common divisor of 36 and i?
18
Let z(u) = -u**3 + 9*u**2 + 2*u - 8. Suppose 13 = -x + 2*p - 1, 4 = 2*x + 4*p. Let k = 15 + x. Let a be z(k). What is the highest common factor of 4 and a?
2
Suppose 79 - 83 = 2*f, 3*f = -5*c + 174. Calculate the highest common divisor of 6876 and c.
36
Suppose -34*j = -49*j - 12315. Let b = 833 + j. What is the highest common divisor of b and 2?
2
Let s be 6 + -7 - (0 + -2 + 1). Suppose k + 5 - 85 = s. Calculate the highest common factor of k and 10.
10
Let d = -511 - -586. Suppose 2*x - 5*l + 0*l + 33 = 0, l + 15 = -2*x. Let b be d*1*(21/x)/(-7). Calculate the greatest common divisor of b and 200.
25
Let u(i) = 242*i - 1976. Let l be u(10). Calculate the highest common divisor of 12 and l.
12
Suppose s = n + 1, -n = 4*s - s - 7. Let c be 1*(s - 3)*-6. Let l be 10 - (2/c)/(10/(-30)). Calculate the greatest common divisor of l and 1.
1
Let a(x) = 8*x - 63. Let i be a(8). Let n(y) = -y - 1. Let p be n(-3). What is the highest common divisor of p and i?
1
Let y be (-203)/28 - 6/8. Let u(k) = k**3 + 8*k**2 - k + 14. Let o be u(y). Let m = o - -34. What is the greatest common factor of m and 14?
14
Let l(d) = 31*d**2 + 217*d + 1242. Let u be l(-6). Calculate the greatest common divisor of u and 66.
66
Let j(n) = 12*n**2 + n - 1. Let a be j(-2). Let c be 9635/(-94) + (6/(-4))/(-3). Let v = c + 120. What is the greatest common divisor of a and v?
9
Suppose x = 3 + 45. Let b = 99 - x. Let c(a) = -2*a**2 + 33*a + 18. Let p be c(16). Calculate the greatest common factor of b and p.
17
Let q = -12505 + 12610. Calculate the greatest common divisor of 885 and q.
15
Suppose o + 0 = 5*c + 2, 3*c - 2 = -o. Suppose -4*i + 126 = 2*t, 0 = -67*i + 63*i + 24. Calculate the greatest common divisor of t and o.
1
Let l = 335 + -299. Suppose -l*c + 38*c - 810 = 0. What is the highest common divisor of 45 and c?
45
Let o be (-205)/82*4/(-10). Let q be -9*(o - 10/6). Let l = -9 - -63. Calculate the highest common divisor of l and q.
6
Let u = 143 - 107. Let t be (-3948)/(-38) - u/(-342). What is the highest common divisor of 13 and t?
13
Let o = 25458 + -20841. What is the greatest common factor of 133 and o?
19
Let w(q) = 76*q**3 - 3*q + 1. Let p be w(2). Let l be ((-4154)/(-372))/((-18)/(-108)). What is the highest common factor of p and l?
67
Let y = -5149 - -6690. Calculate the greatest common factor of 268 and y.
67
Suppose -5*m - 2*v = -35, -3*m + 22 - 1 = v. Let p = 519 + -484. What is the highest common factor of m and p?
7
Suppose 5*k - 426 = 3*d - 135, -4*k = 5*d - 218. Suppose 11*u + 684 = k. Let f = u - -68. Calculate the greatest common divisor of 22 and f.
11
Suppose -2*j - n - 1 = -3, 0 = -5*j + 4*n + 31. Suppose -4*g - j*z + 3316 = 0, 7*g = 12*g - 4*z - 4176. What is the greatest common factor of g and 52?
52
Let x(m) = -m**3 + 32*m**2 - 26*m - 23. Let i be x(7). What is the greatest common factor of 480 and i?
60
Suppose 64689 = 25*g + 3589. Calculate the greatest common divisor of g and 52.
52
Suppose -5616 = 262*g - 270*g. What is the greatest common divisor of g and 378?
54
Let l be 14/8 + (-14)/(-56). Suppose -125 = -4*y - i, -l*i = -y - 6*i + 50. Calculate the greatest common divisor of 330 and y.
30
Let f = 30 - 8. Suppose 1707 = -9*l - 1893. Let r = -378 - l. What is the highest common divisor of r and f?
22
Let x be 496/(8/(72/9)). Calculate the greatest common factor of x and 72.
8
Suppose -b = 4, -5*b + 1125 = -0*y + 5*y. Let x = y - 74. What is the highest common factor of 124 and x?
31
Let y be 32/(-56) - (-816)/7. Let d = 215 - y. Calculate the highest common factor of 44 and d.
11
Let u = -14 + 19. Let b = -43 + 21. Let l = b - -32. Calculate the highest common factor of u and l.
5
Suppose 2626 = -9*s - 1217. Let x be ((-36)/(-14))/((-122)/s). What is the highest common factor of x and 801?
9
Let i be 1 + (39 + 0)/1. Let q(f) = 12*f - 45. Let v(d) = -6*d + 23. Let b(k) = 3*q(k) + 5*v(k). Let l be b(10). What is the highest common divisor of l and i?
40
Let h(a) = -2*a**3 + 24*a**2 + 8*a - 45. Let w be h(12). Let s be (1683/12)/((-1)/(-4)). Calculate the greatest common factor of w and s.
51
Suppose -4*i + 14*i + i - 1584 = 0. Calculate the highest common factor of i and 2412.
36
Suppose 332 = 3*l - 5*m, 0 = -81*l + 79*l + 2*m + 212. What is the highest common factor of l and 3114?
9
Let m(c) = c**2 - 10*c + 9. Let k be m(10). Let f be (-1)/(-5) - (-28)/10. Suppose -f*y + 220 = -23. What is the highest common divisor of y and k?
9
Let j(y) = 19*y + 221. Let p be j(-8). What is the highest common factor of 3381 and p?
69
Suppose 3*g = 2 + 13. Suppose -4*a - 135 = -j, -4*j - g*a + 179 = -424. Let w = 52 + -31. Calculate the greatest common divisor of j and w.
21
Suppose 22*r - 864 = -19*r + 202. What is the greatest common factor of r and 2626?
26
Suppose 0 = 168*h + 1245 - 5949. Calculate the greatest common factor of h and 1236.
4
Let u be -4*4/(-32)*-1930. Let h be u + -9*(3 + (-16)/6). Let r be h/(-20) + (0 - 8/20). What is the highest common factor of 32 and r?
16
Suppose 2*w = -3*v + 550, -7*v + 6*v + 180 = -w. Let p = -134 + v. Calculate the greatest common factor of p and 102.
6
Suppose 8*i - 29 = -3*y + 271, -3*i = -4*y - 133. Let q = -219 - -466. Calculate the highest common factor of q and i.
13
Let z = 3621 - 3532. Calculate the greatest common divisor of z and 4361.
89
Suppose -5*g + 6896 = -4*k, -2*g + 171*k - 167*k = -2768. What is the highest common divisor of g and 56?
8
Suppose -4*g - 5 = 7*i, -4*g - 8 + 31 = 3*i. Let p = 573 + -166. What is the greatest common factor of g and p?
11
Let g = -1 + 29. Let q be (1 + 0)*(1 - -9). Let s be 194 - (q/2 - (4 + 3)). What is the highest common divisor of s and g?
28
Let n = 54 - 9. Let s(k) = 2*k**2 - 190*k - 980. Let g be s(-5). What is the greatest common divisor of g and n?
5
Let g = -7543 - -26357. Calculate the highest common divisor of 23 and g.
23
Let n(h) = 0*h - 2 - 7*h - 4*h. Suppose 33*g = 13320 - 13683. Let j be n(g). What is the greatest common factor of 17 and j?
17
Let n be ((-12)/(-8))/((-2)/(-4)). Suppose 43 + 146 = 2*q - n*f, 2*q - 183 = 5*f. Let s be 28 + 51*(-10)/30. What is the greatest common factor of q and s?
11
Let g = 67 - 43. Let z be -6*(-7)/(-49)*(-28)/8. What is the greatest common divisor of z and g?
3
Let b(n) = -12*n - 1. Let v be b(-3). Suppose 0 = -4*w - 20*w + 6720. What is the highest common divisor of v and w?
35
Let w be 2*19*(-5)/10. Let c = 88 + w. Calculate the greatest common factor of c and 115.
23
Suppose 4*w = 5*w - 5. Let z(l) = 12*l - 49. Let d be z(w). Suppose 0 = -2*r + 6*r - 484. What is the greatest common factor of r and d?
11
Let m = 132 + -142. Let n be (-3 + -2)*(-2)/m*-164. Calculate the greatest common factor of n and 4.
4
Suppose z + z = 0. Suppose j - 5 = 0, 4*i + 3*j = -z*j + 79. Let r = -470 + 494. Calculate the greatest common factor of i and r.
8
Suppose -9*p - 770 = p. Let c = 160 + p. Suppose 5*o = -3*x + 215, x - 3*o + 2 - c = 0. What is the highest common factor of 25 and x?
25
Let a = -353 - -55. Let k = a + 316. What is the highest common factor of k and 12?
6
Suppose -237 = -0*g - 3*g. Suppose -g = -i + 1. Let r = -953 + 973. What is the greatest common divisor of i and r?
20
Let q = -157 - -165. Suppose q*w - 7 = 65. What is the highest common divisor of 39 and w?
3
Suppose f - 2*o = 10, -3*o = 3*f - 2*f - 20. Suppose f*s = 203 + 1099. What is the greatest common divisor of 217 and s?
31
Let q = -91 - -35. Let a = q + 58. Suppose -4*s = -a*h + 10, -5*h - 2*s + 24 = -49. Calculate the greatest common divisor of h and 26.
13
Let l = 621 + -1087. Let p = l - -505. What is the highest common divisor of 507 and p?
39
Let r = 167 + -162. Calculate the greatest common factor of 545 and r.
5
Suppose -138*k + 75*k - 495 = -74*k. Calculate the highest common divisor of k and 72.
9
Suppose 819305 = 55*z + 298*z - 833088. Calculate the highest common divisor of 248 and z.
31
Let w = -93 + 102. Sup